073
Calculate the remainder when 3548817 is divided by 627.
624
Calculate the remainder when 8221961 is divided by 4540.
21
What is the remainder when 1385202 is divided by 551?
539
Calculate the remainder when 207325 is divided by 12194.
27
Calculate the remainder when 29480319 is divided by 365.
364
What is the remainder when 1238248 is divided by 3642?
3610
What is the remainder when 394853761 is divided by 3021?
3019
What is the remainder when 76309 is divided by 2160?
709
What is the remainder when 3710124 is divided by 106003?
19
Calculate the remainder when 271674 is divided by 4379.
176
What is the remainder when 176969 is divided by 176603?
366
What is the remainder when 234135 is divided by 33371?
538
What is the remainder when 26464063 is divided by 4?
3
Calculate the remainder when 145845 is divided by 22.
7
What is the remainder when 15823947 is divided by 186164?
7
What is the remainder when 14085684 is divided by 49?
46
What is the remainder when 835886531 is divided by 221?
220
What is the remainder when 28464 is divided by 793?
709
What is the remainder when 358199 is divided by 3062?
3007
Calculate the remainder when 3617690 is divided by 2.
0
What is the remainder when 72047427 is divided by 35?
32
What is the remainder when 2054748 is divided by 77?
3
What is the remainder when 580658 is divided by 473?
287
What is the remainder when 473471 is divided by 645?
41
Calculate the remainder when 33009600 is divided by 1941741.
3
What is the remainder when 31265661 is divided by 45?
21
What is the remainder when 6700421 is divided by 1340083?
6
Calculate the remainder when 48996 is divided by 6256.
5204
What is the remainder when 341157 is divided by 113706?
39
What is the remainder when 4566169 is divided by 24032?
89
What is the remainder when 17790870 is divided by 32764?
18
Calculate the remainder when 3689027 is divided by 23647.
95
What is the remainder when 51913594 is divided by 47?
26
Calculate the remainder when 43909414 is divided by 35.
24
Calculate the remainder when 402080 is divided by 155.
10
What is the remainder when 113227 is divided by 450?
277
Calculate the remainder when 3848036 is divided by 1018.
1014
What is the remainder when 209873151 is divided by 1589948?
15
What is the remainder when 132745 is divided by 11058?
49
Calculate the remainder when 137566179 is divided by 5543.
5
Calculate the remainder when 12283284 is divided by 8979.
12
Calculate the remainder when 53381485 is divided by 8896914.
1
Calculate the remainder when 409963 is divided by 123.
4
What is the remainder when 469195 is divided by 427?
349
Calculate the remainder when 8626563 is divided by 85.
83
What is the remainder when 1853708 is divided by 22?
10
Calculate the remainder when 3402306 is divided by 1270.
1246
What is the remainder when 42400588 is divided by 1019?
1017
What is the remainder when 57502712 is divided by 13051?
6
What is the remainder when 1563643 is divided by 1241?
1224
Calculate the remainder when 9111882 is divided by 248.
114
What is the remainder when 31439 is divided by 1752?
1655
What is the remainder when 48610092 is divided by 13?
11
What is the remainder when 9583 is divided by 9109?
474
What is the remainder when 1278599 is divided by 193?
167
What is the remainder when 44078995 is divided by 40551?
58
What is the remainder when 684270 is divided by 7607?
7247
Calculate the remainder when 300377 is divided by 1033.
807
Calculate the remainder when 364743 is divided by 181781.
1181
What is the remainder when 457275671 is divided by 3474?
3473
What is the remainder when 11677257 is divided by 307296?
9
Calculate the remainder when 169801 is divided by 81.
25
Calculate the remainder when 10319903 is divided by 672.
671
Calculate the remainder when 978169 is divided by 131.
123
What is the remainder when 103596 is divided by 25536?
1452
What is the remainder when 22405 is divided by 7109?
1078
What is the remainder when 10783341 is divided by 48?
45
What is the remainder when 308530 is divided by 161?
54
What is the remainder when 35296862 is divided by 35296859?
3
Calculate the remainder when 89517036 is divided by 21503.
47
What is the remainder when 29418569 is divided by 3268718?
107
What is the remainder when 810200 is divided by 202538?
48
What is the remainder when 63969769 is divided by 3762926?
27
What is the remainder when 136740944 is divided by 74?
44
Calculate the remainder when 67362 is divided by 4410.
1212
Calculate the remainder when 20953138 is divided by 52.
50
What is the remainder when 16641 is divided by 7713?
1215
What is the remainder when 25871967 is divided by 36?
27
What is the remainder when 1928371 is divided by 1114?
37
Calculate the remainder when 91059 is divided by 7004.
7
Calculate the remainder when 15180 is divided by 2135.
235
Calculate the remainder when 7173626 is divided by 21037.
9
Calculate the remainder when 5186153 is divided by 398934.
11
What is the remainder when 196792 is divided by 10745?
3382
What is the remainder when 781028 is divided by 410?
388
Calculate the remainder when 415754 is divided by 51961.
66
Calculate the remainder when 11011218 is divided by 2480.
18
What is the remainder when 207064413 is divided by 48?
45
Calculate the remainder when 139522 is divided by 27898.
32
What is the remainder when 28945547 is divided by 6?
5
What is the remainder when 350074 is divided by 174919?
236
What is the remainder when 158458 is divided by 156100?
2358
What is the remainder when 81509 is divided by 1332?
257
What is the remainder when 21523572 is divided by 21523558?
14
What is the remainder when 25814674 is divided by 221?
106
What is the remainder when 101150603 is divided by 7265?
8
Calculate the remainder when 179169808 is divided by 57.
55
What is the remainder when 103526 is divided by 103496?
30
What is the remainder when 256863 is divided by 64209?
27
What is the remainder when 1040562 is divided by 10005?
42
What is the remainder when 1682344 is divided by 796?
396
What is the remainder when 132898794 is divided by 94?
90
What is the remainder when 4689263 is divided by 246802?
25
Calculate the remainder when 28920 is divided by 22.
12
Calculate the remainder when 794701 is divided by 188.
25
What is the remainder when 4905478 is divided by 1635145?
43
What is the remainder when 45395352 is divided by 63?
9
Calculate the remainder when 1168978 is divided by 22921.
7
Calculate the remainder when 27769099 is divided by 1633469.
126
What is the remainder when 3488568 is divided by 109013?
152
Calculate the remainder when 54376781 is divided by 1203.
1181
Calculate the remainder when 573728494 is divided by 48.
46
What is the remainder when 136263 is divided by 643?
590
Calculate the remainder when 354508 is divided by 3026.
466
Calculate the remainder when 954044 is divided by 59622.
92
Calculate the remainder when 691972 is divided by 2473.
2005
What is the remainder when 5042484 is divided by 2521239?
6
What is the remainder when 92940 is divided by 9293?
10
Calculate the remainder when 44668 is divided by 59.
5
Calculate the remainder when 2741257 is divided by 2292.
25
What is the remainder when 134784 is divided by 5850?
234
What is the remainder when 230784 is divided by 3978?
60
Calculate the remainder when 1638490 is divided by 546159.
13
What is the remainder when 642986 is divided by 2646?
8
What is the remainder when 3832320 is divided by 1916160?
0
What is the remainder when 4044191 is divided by 24362?
99
Calculate the remainder when 97600 is divided by 904.
872
Calculate the remainder when 22390142 is divided by 2181.
2177
Calculate the remainder when 5591726 is divided by 3251.
6
What is the remainder when 79747766 is divided by 319?
318
Calculate the remainder when 1551078 is divided by 2090.
298
What is the remainder when 695973 is divided by 202?
83
Calculate the remainder when 3354056 is divided by 115657.
3
What is the remainder when 226757 is divided by 7553?
167
Calculate the remainder when 11451006 is divided by 248933.
88
Calculate the remainder when 3560180 is divided by 296675.
80
Calculate the remainder when 245849 is divided by 30.
29
Calculate the remainder when 2423078 is divided by 8050.
28
Calculate the remainder 